{"id":4,"date":"2019-08-26T07:48:56","date_gmt":"2019-08-26T07:48:56","guid":{"rendered":"http:\/\/mohr-osteopathie.de\/?page_id=4"},"modified":"2019-11-20T11:08:41","modified_gmt":"2019-11-20T11:08:41","slug":"startseite","status":"publish","type":"page","link":"https:\/\/mohr-osteopathie.de\/","title":{"rendered":""},"content":{"rendered":"\t\t<div data-elementor-type=\"wp-page\" data-elementor-id=\"4\" class=\"elementor elementor-4\">\n\t\t\t\t\t\t<section class=\"elementor-section elementor-top-section elementor-element elementor-element-a6d4b73 elementor-section-boxed elementor-section-height-default elementor-section-height-default\" data-id=\"a6d4b73\" data-element_type=\"section\" data-e-type=\"section\">\n\t\t\t\t\t\t<div class=\"elementor-container elementor-column-gap-default\">\n\t\t\t\t\t<div class=\"elementor-column elementor-col-100 elementor-top-column elementor-element elementor-element-4de278b\" data-id=\"4de278b\" data-element_type=\"column\" data-e-type=\"column\">\n\t\t\t<div class=\"elementor-widget-wrap elementor-element-populated\">\n\t\t\t\t\t\t<div class=\"elementor-element elementor-element-af6c299 elementor-widget elementor-widget-text-editor\" data-id=\"af6c299\" data-element_type=\"widget\" data-e-type=\"widget\" data-widget_type=\"text-editor.default\">\n\t\t\t\t<div class=\"elementor-widget-container\">\n\t\t\t\t\t\t\t\t\t<h4 style=\"text-align: center;\"><span style=\"color: #00a2ff;\"><strong>Herzlich Willkommen <\/strong><\/span><\/h4><h4 style=\"text-align: center;\"><span style=\"color: #00a2ff;\"><strong>in der Naturheilpraxis f\u00fcr Osteopathie <\/strong><\/span><\/h4><h4 style=\"text-align: center;\"><span style=\"color: #00a2ff;\"><strong>Christian Mohr in Hochheim am Main!<\/strong><\/span><\/h4>\t\t\t\t\t\t\t\t<\/div>\n\t\t\t\t<\/div>\n\t\t\t\t\t<\/div>\n\t\t<\/div>\n\t\t\t\t\t<\/div>\n\t\t<\/section>\n\t\t\t\t<section class=\"elementor-section elementor-top-section elementor-element elementor-element-cf92f94 elementor-section-boxed elementor-section-height-default elementor-section-height-default\" data-id=\"cf92f94\" data-element_type=\"section\" data-e-type=\"section\">\n\t\t\t\t\t\t<div class=\"elementor-container elementor-column-gap-default\">\n\t\t\t\t\t<div class=\"elementor-column elementor-col-33 elementor-top-column elementor-element elementor-element-7020e19\" data-id=\"7020e19\" data-element_type=\"column\" data-e-type=\"column\">\n\t\t\t<div class=\"elementor-widget-wrap elementor-element-populated\">\n\t\t\t\t\t\t<div class=\"elementor-element elementor-element-43ca39f elementor-widget elementor-widget-image\" data-id=\"43ca39f\" data-element_type=\"widget\" data-e-type=\"widget\" data-widget_type=\"image.default\">\n\t\t\t\t<div class=\"elementor-widget-container\">\n\t\t\t\t\t\t\t\t\t\t\t\t\t\t\t<img fetchpriority=\"high\" decoding=\"async\" width=\"889\" height=\"600\" src=\"https:\/\/mohr-osteopathie.de\/wp-content\/uploads\/2019\/11\/Praxis5.png\" class=\"attachment-full size-full wp-image-246\" alt=\"\" srcset=\"https:\/\/mohr-osteopathie.de\/wp-content\/uploads\/2019\/11\/Praxis5.png 889w, https:\/\/mohr-osteopathie.de\/wp-content\/uploads\/2019\/11\/Praxis5-300x202.png 300w, https:\/\/mohr-osteopathie.de\/wp-content\/uploads\/2019\/11\/Praxis5-768x518.png 768w\" sizes=\"(max-width: 889px) 100vw, 889px\" \/>\t\t\t\t\t\t\t\t\t\t\t\t\t\t\t<\/div>\n\t\t\t\t<\/div>\n\t\t\t\t\t<\/div>\n\t\t<\/div>\n\t\t\t\t<div class=\"elementor-column elementor-col-33 elementor-top-column elementor-element elementor-element-14c3280\" data-id=\"14c3280\" data-element_type=\"column\" data-e-type=\"column\">\n\t\t\t<div class=\"elementor-widget-wrap elementor-element-populated\">\n\t\t\t\t\t\t<div class=\"elementor-element elementor-element-3be085a elementor-widget elementor-widget-image\" data-id=\"3be085a\" data-element_type=\"widget\" data-e-type=\"widget\" data-widget_type=\"image.default\">\n\t\t\t\t<div class=\"elementor-widget-container\">\n\t\t\t\t\t\t\t\t\t\t\t\t\t\t\t<img decoding=\"async\" width=\"768\" height=\"512\" src=\"https:\/\/mohr-osteopathie.de\/wp-content\/uploads\/2019\/11\/Praxis3-768x512.png\" class=\"attachment-medium_large size-medium_large wp-image-264\" alt=\"\" srcset=\"https:\/\/mohr-osteopathie.de\/wp-content\/uploads\/2019\/11\/Praxis3-768x512.png 768w, https:\/\/mohr-osteopathie.de\/wp-content\/uploads\/2019\/11\/Praxis3-300x200.png 300w, https:\/\/mohr-osteopathie.de\/wp-content\/uploads\/2019\/11\/Praxis3.png 990w\" sizes=\"(max-width: 768px) 100vw, 768px\" \/>\t\t\t\t\t\t\t\t\t\t\t\t\t\t\t<\/div>\n\t\t\t\t<\/div>\n\t\t\t\t\t<\/div>\n\t\t<\/div>\n\t\t\t\t<div class=\"elementor-column elementor-col-33 elementor-top-column elementor-element elementor-element-da636b9\" data-id=\"da636b9\" data-element_type=\"column\" data-e-type=\"column\">\n\t\t\t<div class=\"elementor-widget-wrap elementor-element-populated\">\n\t\t\t\t\t\t<div class=\"elementor-element elementor-element-f1ddbf8 elementor-widget elementor-widget-image\" data-id=\"f1ddbf8\" data-element_type=\"widget\" data-e-type=\"widget\" data-widget_type=\"image.default\">\n\t\t\t\t<div class=\"elementor-widget-container\">\n\t\t\t\t\t\t\t\t\t\t\t\t\t\t\t<img decoding=\"async\" width=\"889\" height=\"600\" src=\"https:\/\/mohr-osteopathie.de\/wp-content\/uploads\/2019\/11\/Praxis4.png\" class=\"attachment-large size-large wp-image-245\" alt=\"\" srcset=\"https:\/\/mohr-osteopathie.de\/wp-content\/uploads\/2019\/11\/Praxis4.png 889w, https:\/\/mohr-osteopathie.de\/wp-content\/uploads\/2019\/11\/Praxis4-300x202.png 300w, https:\/\/mohr-osteopathie.de\/wp-content\/uploads\/2019\/11\/Praxis4-768x518.png 768w\" sizes=\"(max-width: 889px) 100vw, 889px\" \/>\t\t\t\t\t\t\t\t\t\t\t\t\t\t\t<\/div>\n\t\t\t\t<\/div>\n\t\t\t\t\t<\/div>\n\t\t<\/div>\n\t\t\t\t\t<\/div>\n\t\t<\/section>\n\t\t\t\t<section class=\"elementor-section elementor-top-section elementor-element elementor-element-5318fa4 elementor-section-stretched elementor-section-boxed elementor-section-height-default elementor-section-height-default\" data-id=\"5318fa4\" data-element_type=\"section\" data-e-type=\"section\" data-settings=\"{&quot;stretch_section&quot;:&quot;section-stretched&quot;}\">\n\t\t\t\t\t\t<div class=\"elementor-container elementor-column-gap-default\">\n\t\t\t\t\t<div class=\"elementor-column elementor-col-100 elementor-top-column elementor-element elementor-element-da3991f\" data-id=\"da3991f\" data-element_type=\"column\" data-e-type=\"column\">\n\t\t\t<div class=\"elementor-widget-wrap elementor-element-populated\">\n\t\t\t\t\t\t<div class=\"elementor-element elementor-element-5e0ad72 elementor-widget elementor-widget-text-editor\" data-id=\"5e0ad72\" data-element_type=\"widget\" data-e-type=\"widget\" data-widget_type=\"text-editor.default\">\n\t\t\t\t<div class=\"elementor-widget-container\">\n\t\t\t\t\t\t\t\t\t<h5 style=\"text-align: center;\"><strong>Gern informiere ich Sie auf den folgenden Seiten \u00fcber alles <\/strong><strong>rund um die Osteopathie.<\/strong><\/h5><h5 style=\"text-align: center;\"><strong>Sollten dennoch Fragen offen bleiben, rufen Sie mich an.<\/strong><\/h5><h5 style=\"text-align: center;\"><strong>Bitte beachten Sie, dass die Terminvereinbarung telefonisch oder per E-Mail m\u00f6glich ist. Wenn ich mich in Behandlung befinde, ist ein Anrufbeantworter f\u00fcr Sie geschaltet, auf dem Sie eine Nachricht hinterlassen k\u00f6nnen. Ich rufe dann schnellst m\u00f6glich zur\u00fcck.<\/strong><\/h5><h5 style=\"text-align: center;\"><strong>Ich freue mich, Sie in meiner Praxis begr\u00fc\u00dfen zu d\u00fcrfen.<\/strong><\/h5><h5 style=\"text-align: center;\"><strong>Christian Mohr<\/strong><\/h5><h5 style=\"text-align: center;\"><strong>Heilpraktiker, Osteopath, <\/strong><strong>Physiotherapeut<\/strong><\/h5>\t\t\t\t\t\t\t\t<\/div>\n\t\t\t\t<\/div>\n\t\t\t\t\t<\/div>\n\t\t<\/div>\n\t\t\t\t\t<\/div>\n\t\t<\/section>\n\t\t\t\t<\/div>\n\t\t","protected":false},"excerpt":{"rendered":"<p>Herzlich Willkommen in der Naturheilpraxis f\u00fcr Osteopathie Christian Mohr in Hochheim am Main! Gern informiere ich Sie auf den folgenden Seiten \u00fcber alles rund um die Osteopathie. Sollten dennoch Fragen offen bleiben, rufen Sie mich an. Bitte beachten Sie, dass &hellip; <a href=\"https:\/\/mohr-osteopathie.de\/\">Weiter<\/a><\/p>\n","protected":false},"author":1,"featured_media":0,"parent":0,"menu_order":0,"comment_status":"closed","ping_status":"closed","template":"","meta":{"footnotes":""},"class_list":["post-4","page","type-page","status-publish","hentry"],"_links":{"self":[{"href":"https:\/\/mohr-osteopathie.de\/index.php?rest_route=\/wp\/v2\/pages\/4","targetHints":{"allow":["GET"]}}],"collection":[{"href":"https:\/\/mohr-osteopathie.de\/index.php?rest_route=\/wp\/v2\/pages"}],"about":[{"href":"https:\/\/mohr-osteopathie.de\/index.php?rest_route=\/wp\/v2\/types\/page"}],"author":[{"embeddable":true,"href":"https:\/\/mohr-osteopathie.de\/index.php?rest_route=\/wp\/v2\/users\/1"}],"replies":[{"embeddable":true,"href":"https:\/\/mohr-osteopathie.de\/index.php?rest_route=%2Fwp%2Fv2%2Fcomments&post=4"}],"version-history":[{"count":32,"href":"https:\/\/mohr-osteopathie.de\/index.php?rest_route=\/wp\/v2\/pages\/4\/revisions"}],"predecessor-version":[{"id":304,"href":"https:\/\/mohr-osteopathie.de\/index.php?rest_route=\/wp\/v2\/pages\/4\/revisions\/304"}],"wp:attachment":[{"href":"https:\/\/mohr-osteopathie.de\/index.php?rest_route=%2Fwp%2Fv2%2Fmedia&parent=4"}],"curies":[{"name":"wp","href":"https:\/\/api.w.org\/{rel}","templated":true}]}}